lculate the greatest common divisor of p and 10.
5
Suppose 3*b - 19 = 5*v + 15, 3*b = v + 14. Suppose b*f + 164 = 3*t - 115, -98 = -t + 2*f. What is the highest common factor of t and 8?
8
Suppose -3*n + 12 = -6. Let f(k) = 3*k. Let x be f(2). What is the highest common factor of x and n?
6
Suppose 0 = -2*w - 3*w + 20. Suppose w*u = -0*u + 16. Suppose 3*n - 46 = -u*b, -16 = -2*b + n + n. What is the highest common divisor of b and 90?
10
Suppose -161 = -4*l - 4*d + 347, 3*l - 5*d - 365 = 0. Calculate the greatest common factor of 5 and l.
5
Let x be (76/133)/(2/21). What is the highest common divisor of 4 and x?
2
Suppose 3*h + 2*y = 165, -202 = -4*h - y + 13. Suppose -2*a + h = 21. What is the highest common factor of 144 and a?
16
Let w = -7 - -10. Suppose t - 262 = -u + 5*t, 2*t + 736 = w*u. Calculate the greatest common factor of 22 and u.
22
Suppose 0 = 27*y - 26*y - 5. Suppose -5*i + 5*r = -460, -y*i = 3*r - 286 - 158. What is the greatest common factor of 10 and i?
10
Suppose g + 12 = 2*g. What is the highest common divisor of 36 and g?
12
Suppose 6*q + 6 = 18. What is the greatest common divisor of q and 10?
2
Let c = -132 - -168. Suppose 0*k + 4*k - 216 = 0. Calculate the highest common divisor of c and k.
18
Let y be 100/6 - (-6)/(-9). Let k = -159 - -287. What is the greatest common divisor of y and k?
16
Suppose 3*g - 18 = 2*g. Let n = g - 10. Calculate the highest common factor of 20 and n.
4
Let z be (-180)/(-8)*2/3 - 2. Calculate the highest common divisor of 91 and z.
13
Let r = 46 + -44. What is the highest common factor of r and 18?
2
Suppose z = 6*z - 15. What is the greatest common factor of z and 1?
1
Let l be ((-4)/10)/(24/(-720)). What is the highest common factor of l and 192?
12
Let q(s) = -8*s**2 - 35*s - 35. Let r(o) = 3*o**2 + 12*o + 12. Let w(a) = -4*q(a) - 11*r(a). Let u be w(7). Calculate the highest common factor of 15 and u.
15
Suppose 24*v - 26*v + 48 = 0. Calculate the greatest common divisor of 3 and v.
3
Let w = 30 - 26. What is the greatest common factor of 28 and w?
4
Suppose -4*w + 234 = 2*h - 9*w, -3*h + 351 = -3*w. What is the highest common divisor of 13 and h?
13
Let g(t) = -2*t**2 - 2*t - 7. Let x be 7*2/(-4)*-2. Let z be g(x). Let r = z - -251. What is the greatest common factor of 12 and r?
12
Let y be (4 + 1)*(-28)/(-10). What is the highest common factor of 7 and y?
7
Let j = 9 + -3. Let f(m) = m**2 - 6*m + 6. Let b be f(j). What is the highest common divisor of b and 12?
6
Let a = 105 - 92. Calculate the greatest common divisor of 104 and a.
13
Let d(y) = y**2. Let k be d(2). Suppose 3*r - k = 2*r. Suppose 0*s + 2*s - c = 9, 10 = -2*c. Calculate the highest common factor of r and s.
2
Suppose 5*d + 5*b = 180, -2*d - 108 = -5*d + b. Let j be (-2 + (0 - -2))*-1. Suppose j*t - 36 = -4*t. What is the highest common factor of t and d?
9
Let s = -134 + 152. What is the greatest common divisor of s and 18?
18
Suppose 5*j + 29 = 114. Suppose -v - 14 = -5*w - 40, -3*w - 4*v = 11. Let d = j + w. Calculate the highest common factor of d and 36.
12
Suppose -g = 4*g + 15. Let t be -11*(g - -2) + 1. Calculate the highest common divisor of t and 132.
12
Let m(s) = s**2 - 4*s + 3. Let w be m(7). Let f = 3 + -1. Let o be f*1 - (-4 + -2). Calculate the greatest common factor of o and w.
8
Let j be 206/(-8) + (-1)/4. Suppose 0*t + 2*t = -f - 18, 76 = -5*f - 3*t. Let k = f - j. Calculate the highest common factor of k and 24.
12
Suppose 3*r = -4*p + 58, 4*p + 5 = -3. Suppose -4*j - r = -3*y + 3, -j - 16 = -4*y. Let f = y - -1. Calculate the highest common divisor of 4 and f.
4
Let q be 4/(-22) + (-251)/11. Let b be 2/5 + q/(-5). Let c(s) = 31*s - 1. Let o be c(b). What is the greatest common divisor of o and 14?
14
Let z(n) = n**2 - 5*n + 10. Let a be z(6). What is the highest common factor of 16 and a?
16
Suppose -2*h + 9 = b - 1, -5*b = 2*h - 66. Let a = 340 - 242. What is the highest common divisor of b and a?
14
Let c be 6/42 - 48/(-7). Suppose 2*m = 9 - c. Let n = -6 - -8. Calculate the highest common divisor of n and m.
1
Suppose k - 47 = -19. Let y = 3 - -39. What is the highest common divisor of k and y?
14
Let w be 6 + (-1 - 0/1). Let l(v) = v**2 + v - 46. Let y be l(-8). What is the highest common factor of y and w?
5
Suppose 5*o - 5 - 15 = 0. What is the highest common divisor of o and 76?
4
Let l be 4 - 2 - (-1)/1. Let t(k) = -4*k**2 - 5*k**l + 4*k + 4*k**3 + 3 + 2*k**2 - 2. Let r be t(-5). What is the greatest common factor of 8 and r?
8
Suppose 20 = 5*t, 4*o - t + 4*t = 132. Let v be 0 + 5 + 6/(-3). Suppose -2*r = v*r - 15. What is the highest common divisor of r and o?
3
Let f = -9 + 36. Let r(n) = 2*n**3 - 3*n**2 + 4*n - 3. Let k be r(2). What is the highest common divisor of f and k?
9
Suppose 0 = t - 20 - 9. Let q = t - 20. Let m = -15 + 42. Calculate the highest common divisor of q and m.
9
Let n = 265 - 103. What is the highest common divisor of n and 27?
27
Let a = 313 + -220. Calculate the highest common divisor of a and 124.
31
Let p = -9 - -9. Suppose -x + p*x = -45. Let k(f) = -4*f - 2. Let a be k(-5). Calculate the greatest common divisor of x and a.
9
Suppose 20 = -4*b, -2*l + 5*b + 10 = 3*l. Let z be -1 - (-1 - l - 83). Suppose 0 = -0*r + 2*r - z. What is the highest common divisor of r and 100?
20
Let y(q) = 21*q - 1. Let o be y(1). What is the greatest common divisor of o and 20?
20
Let s = -76 + 190. What is the greatest common divisor of s and 6?
6
Suppose j - 5*h + 73 = -0*h, -4 = h. Let u = 173 + j. What is the greatest common divisor of 10 and u?
10
Let i = 57 - 24. Let o = -5 - -5. Suppose -2*g + 22 = -o*g. What is the highest common divisor of g and i?
11
Let m = -28 + 43. Suppose m = p + 1. Suppose 48 = 4*o - 36. Calculate the greatest common factor of o and p.
7
Let n be -1*(6/(-1))/(-1). Let y = -11 + n. Let q = y + 32. Calculate the highest common factor of 105 and q.
15
Suppose -16 = -19*d + 15*d. Calculate the greatest common factor of d and 12.
4
Let r be 2*3/(1 + 2). Let b = r - -2. Calculate the highest common factor of 4 and b.
4
Suppose 65 = 3*l - 67. Calculate the greatest common factor of 11 and l.
11
Let p(x) = -x**2 - 1. Let g(m) = 7*m**2 - 9*m + 2. Let j(u) = g(u) + 6*p(u). Let h be j(10). Calculate the highest common factor of h and 15.
3
Let m(n) = -5*n**2 - n. Let s be m(-2). Let o be -3*(-16)/12 - s. Calculate the greatest common factor of 2 and o.
2
Suppose 9 = 2*u - 2*l + 1, -3*l = 0. Suppose -30 = 3*g - 6*g. What is the greatest common factor of g and u?
2
Suppose 0 = 4*x + 3*d - 99, 117 = 4*x - 3*d - 0*d. Suppose 0 = 2*u - 14 - 22. What is the highest common factor of x and u?
9
Suppose -83 - 43 = -7*l. What is the greatest common factor of 162 and l?
18
Let a(w) = 8*w - 8. Let s be a(-12). Let i be (s/6)/(7/(-21)). What is the greatest common divisor of 13 and i?
13
Let x(u) = u**2 - 4*u + 6. Let f be x(5). Calculate the greatest common factor of 77 and f.
11
Suppose -y + 2 = -0. Suppose -y = -5*m - 2*j + 2, -m + 2 = j. Suppose -3*u = u + z - 19, m = 2*u + 4*z + 8. What is the highest common factor of u and 66?
6
Let u(p) = 10*p - 10. Let a be u(8). Let h be a - 0/(-2 - 1). What is the greatest common factor of 28 and h?
14
Suppose 0 = 2*d - 8*d + 528. Calculate the greatest common factor of d and 22.
22
Let y be (-1)/(((-4)/(-5))/(-4)). Suppose 2*v = y*v - 213. Let q = -50 + v. Calculate the highest common divisor of q and 7.
7
Let n = -6 + 8. Suppose -28 = -4*g + 3*a, -4*g + 0*a = -n*a - 28. What is the highest common factor of g and 7?
7
Let p(k) = k**2 - 7*k + 1. Let h = 19 + 7. Suppose -3*j - 7 = 4*b - h, 5*b + j = 32. Let z be p(b). Calculate the highest common divisor of z and 1.
1
Let i(x) be the second derivative of -x**3/6 - x**2 - 3*x. Let b be i(-7). What is the greatest common divisor of b and 20?
5
Let u = 358 + -326. Let o be -1*(-3)/(3/(-4)). Let l be 1 + 158*(-2)/o. What is the greatest common divisor of l and u?
16
Suppose 11*j - 1020 = -9*j. What is the greatest common factor of j and 17?
17
Suppose n - 2*n + 5 = 0. Suppose -q = 5*l - n*q - 28, 4*q = -4*l + 44. Calculate the highest common factor of 40 and l.
8
Let i(b) = -b**2 - 6*b - 5. Let k be i(-6). Let x be (-666)/(-30) + 1/k. Calculate the greatest common factor of x and 8